e the greatest common divisor of f and 72.
8
Let a be ((-14)/147*-7)/(5/630). What is the greatest common factor of a and 132?
12
Let w(p) = -11*p - 9. Let v be w(-2). Let n(r) = 27*r - 2. Let i be n(2). What is the highest common factor of i and v?
13
Let q(x) = -3*x**3 - x**2 - x - 4. Let p be q(-2). Let z be (-4)/(-12) - 52/(-6). Calculate the highest common factor of p and z.
9
Let s = -2 + 3. Suppose s = 2*r - 1. Let f(j) = 14*j**2 - 2*j + 2. Let z be f(r). What is the highest common divisor of 42 and z?
14
Let a be 1/((-3)/30*-5). Suppose -5*m - 5*q = -20, 5*m + 0*q - 23 = -a*q. What is the highest common factor of m and 35?
5
Let i = -375 + 453. Calculate the greatest common factor of i and 65.
13
Let h = -580 - -692. What is the greatest common factor of 42 and h?
14
Suppose 6*a - 1722 = 2814. Suppose -2142 = -6*k - a. What is the greatest common divisor of 21 and k?
21
Let g(k) = -36*k**2 + 9*k + 9. Let n be g(-7). Let b be n/(-45) + 2/(-5). Let w be 4/2 + (0 - -14). What is the highest common divisor of b and w?
8
Let z(h) = -12*h - 6. Let k be z(-3). Let a be (-36)/30*k/(-1). What is the greatest common divisor of a and 3?
3
Let j(w) = 2*w**2 - w - 2. Let x be j(-1). Let o(f) = 25*f**3 - 22*f**3 + 0*f - x + f**2 - 3*f. Let z be o(3). What is the greatest common factor of z and 32?
16
Let s be (-3 + (2 - 2))/1. Let k be (-5)/2*24/s. What is the greatest common factor of k and 8?
4
Let h(k) = -2*k**3 - 19*k**2 - 3*k - 21. Let r be h(-11). What is the highest common factor of 15 and r?
15
Suppose 0 = 2*s - 64 - 90. Let x be 14/(-6)*(5 + -11 - -3). Calculate the greatest common factor of s and x.
7
Suppose 8*g = 43*g - 1190. What is the highest common divisor of g and 374?
34
Let l be -2 - ((-26)/(-65) - 1044/10). Calculate the highest common factor of l and 1122.
102
Let s be ((-2)/(-4))/(8*5/7840). What is the greatest common factor of 2 and s?
2
Let w = -2133 + 2134. What is the greatest common divisor of w and 137?
1
Suppose 0 = 2*b - 9 - 15. Calculate the greatest common factor of b and 78.
6
Suppose -5*s = 18*s - 391. Calculate the highest common factor of s and 1377.
17
Let v = 11 + -7. Let g(k) be the third derivative of -k**5/60 - 3*k**4/8 + 5*k**3/3 - 2*k**2. Let a be g(-9). What is the highest common divisor of a and v?
2
Suppose 55*j = 66*j - 715. What is the greatest common divisor of j and 39?
13
Let f = 54 + -33. Let a = f + -5. Calculate the highest common divisor of a and 8.
8
Suppose 3*g - 6*g = -12. Suppose 5*m - 5 = t + 2, m + 3*t = -5. What is the greatest common divisor of m and g?
1
Let a(l) = l**3 + 10*l**2 - 14*l - 3. Let p(f) = -3*f**2 + 2*f - 3. Let d be p(2). Let q be a(d). Calculate the greatest common factor of 330 and q.
30
Let t be 2*-1*(-4 + -47). Let d = t - 3. What is the highest common divisor of 9 and d?
9
Suppose -4*z + 88 = -52. Suppose 4*n = x - 50, 3*x = 2*x + n + z. What is the greatest common factor of x and 30?
30
Suppose 5*z - 25 = 0, 3*g - 58 = -3*z + 17. Calculate the highest common factor of 2420 and g.
20
Let b = 253 - 173. Let g(i) = 8*i - 2. Let l be g(3). Let s be 24/(-132) + 224/l. What is the greatest common divisor of s and b?
10
Let w(g) = 2*g**2 + 6*g + 2. Let f be w(5). Suppose -4*u = -3*t + 59, -2*u - f = -4*t - 0*u. Calculate the highest common divisor of t and 3.
3
Suppose -54 = 442*c - 445*c. What is the highest common divisor of c and 2?
2
Let d(c) = -3*c**3 - 13*c**2 - 5*c + 6. Let w be d(-5). What is the greatest common divisor of w and 513?
27
Let u(z) = 2*z**3 - 24*z**2 + 5*z - 18. Let l be u(12). Calculate the highest common divisor of 224 and l.
14
Suppose -195 = -v - 5*p, -4*p + 5*p = -5*v + 1047. Calculate the highest common factor of 30 and v.
30
Let h be -2642*(-1)/12 - 26/156. Let j(k) = -21*k - 1. Let u be j(-1). What is the greatest common divisor of u and h?
20
Suppose 0 = -2*v - 89 + 11. Let a = v + 55. What is the highest common divisor of a and 160?
16
Let r(s) = -3*s + 4*s - 3*s - 2. Let v be r(-4). Let k be 3 + 8/(16/6 + -2). What is the highest common factor of k and v?
3
Let f = 11 - 11. Suppose f = -u - u + 6. Let s be 26*4/8 - u. Calculate the greatest common factor of s and 80.
10
Suppose 0 = -r - r + 432. Suppose 6*u - 10*u + r = 0. Let c(k) = -k**3 + 7*k**2 - 4*k - 6. Let w be c(6). Calculate the greatest common factor of u and w.
6
Let p be -6 - -11 - 2/1. Let n(y) = y**2 + 9*y - 5. Let u be n(-10). Let q = u + 7. Calculate the greatest common divisor of q and p.
3
Let c(d) = -2*d**2 + 14*d + 16. Let g be c(8). Suppose g*u = -2*u + 140. Calculate the greatest common factor of 14 and u.
14
Let m = 24 - -51. Let v(b) = -b**3 - 4*b**2 + 3*b - 7. Let a be v(-5). Let t be 16 + (-1 + -2)/a. Calculate the greatest common factor of m and t.
15
Suppose 4*d + 21 - 29 = 0. Suppose -5*i + 20 = 0, 5*z - d*i = -i + 186. Calculate the highest common factor of z and 95.
19
Let c(w) = 11*w**2 - 7*w + 6. Let u be c(-6). Suppose 2*o + 2*o - u = 0. Calculate the greatest common factor of 74 and o.
37
Suppose 4*p + 3*n - 2112 = 0, 1082 = -20*p + 22*p - 5*n. What is the greatest common factor of p and 18?
9
Suppose 2*n - 13 = 3*u, 0 = -4*u + n - 9. Let j be (-4)/((-4)/(-3))*u. Let r be 9*(j + 28/(-12)). What is the greatest common factor of 1 and r?
1
Let t be ((-36)/(-45))/(2/(-5)) - -2. Suppose 2*d + 287 = m, -m + 3*d + 228 + 54 = t. Suppose -4*u + 103 + 5 = 0. What is the greatest common factor of m and u?
27
Let w(p) = -p**3 + p**2 + 1. Let f(b) = 7*b**3 - 12*b**2 + 8*b - 8. Let x(k) = f(k) + 6*w(k). Let y be x(6). Calculate the greatest common factor of y and 69.
23
Let q = -28 - -94. Suppose -4*m + 69 = -w, -4*m = -0*m - 2*w - q. What is the greatest common factor of 27 and m?
9
Suppose 0 = 41*v - 34*v - 147. Let q = 15 - 1. Calculate the highest common factor of v and q.
7
Suppose -3*p + 66 = -3*l, 69 = 3*p + 24*l - 26*l. Let z = -25 + 35. Calculate the highest common factor of z and p.
5
Let j be (63/(-6) - 3)*-2 + -5. Calculate the highest common factor of j and 66.
22
Let i = 10 + -4. Suppose i*j = j + 690. Calculate the highest common factor of j and 23.
23
Let y be (-2)/11 + 1/(33/435). Suppose -v + 4*t + 68 = -45, 588 = 5*v + 3*t. What is the greatest common divisor of y and v?
13
Let y = 228 + -164. What is the highest common factor of y and 384?
64
Let t = 21 - 19. Let q be ((-220)/3)/(t/(-12)). Suppose 4*n = -n + q. Calculate the greatest common factor of n and 8.
8
Suppose 0 = -3*o - 104 - 205. Let k = 202 + o. Let d be 3/6 + 17/2. What is the highest common divisor of k and d?
9
Let z(h) = -h**2 + h + 144. Let d be z(0). Let k be (-2)/1 + 11/(66/d). What is the highest common factor of k and 176?
22
Let h(x) = 18*x**2 + 3*x - 10. Let p be h(2). Suppose -5*i + n = -55, p = -2*i + 6*i + 4*n. Calculate the highest common divisor of i and 60.
12
Suppose -2*w + 6*w = 1392. Calculate the greatest common divisor of 812 and w.
116
Let p(c) = 21*c**3 + c**2 + 5*c + 6. Let z be p(-2). Let k = 238 + z. Suppose -5*t + 33 + 37 = 0. What is the highest common factor of k and t?
14
Let i(a) = 13*a - 7. Let g be i(2). Suppose 0 = -8*y + 99 - g. What is the greatest common divisor of y and 230?
10
Let i(x) = -x**2 - 4*x - 1. Let v be i(3). Let o be (1*-1)/((-1)/v). Let w = -15 - o. What is the greatest common divisor of 7 and w?
7
Let d = -455 - -458. Calculate the highest common divisor of 54 and d.
3
Let n = 486 - 266. Suppose 3*c = g - 218, g - 2*g + c + n = 0. Suppose k = -5*v + 6*k + 205, -k - g = -5*v. Calculate the highest common divisor of v and 9.
9
Suppose -10*y + 2944 = -9956. What is the greatest common factor of y and 30?
30
Let a be 2/3 + 66/9. Let c be 1767/(-12) + 2/a. Let t = -37 - c. What is the highest common divisor of 10 and t?
10
Let a be 6*3/(24/20). Suppose -3*z = v - 45, -2*z - z = -15. What is the highest common divisor of a and v?
15
Let p be (2/((-6)/75))/((-1)/3). Let k = -67 + p. What is the greatest common factor of k and 136?
8
Let r = -111 + 145. Suppose 3*j + b = 42, 8 + r = 3*j + 5*b. Calculate the greatest common factor of j and 77.
7
Let a(i) = 8*i + 2. Let t be a(2). Let h be 352/2 - (-2 + 1). Suppose -2*g + 5*g = -4*m + h, 3*m - 131 = -4*g. What is the greatest common factor of m and t?
9
Let k be 18 - (2*(-6)/(-4) - 2). Calc